(b) = 5*b + 75. Determine g(d).
5
Suppose -3*g - 5*g + 64 = 0. Suppose 10*w = g*w - 12. Let k(j) = -j**3 - 6*j**2 + 3*j + 6. Determine k(w).
-12
Let y(x) = 2*x**2 - 3*x - 4. Let d(z) = 3*z**2 + 4*z - z + 3 - 4*z - 2. Let l be 6/5 - 3/15. Let c be d(l). Calculate y(c).
5
Let b(j) be the first derivative of -j**2 + 8*j + 5. Let c be b(7). Let y(t) = 4 - 5*t + 1832*t**2 - 1833*t**2 - t. Calculate y(c).
4
Let v(d) = -6*d + 5. Let q(s) = 4*s - 2. Let p(u) = 7*q(u) + 3*v(u). Let c = -274 - -270. Give p(c).
-39
Let r(c) = c**3 + 3*c**2. Let k be r(-3). Let h(f) = -6*f**2 - f + 1 + k + f**3 - 2. Let d be ((-36)/45)/((-2505)/225 - -11). What is h(d)?
-7
Let b(z) = -4*z + 3*z - 7*z - 2*z**2 + 5*z. Let i(g) = 4*g - 8. Let p be i(7). Suppose -6*m + p = -11*m. Determine b(m).
-20
Let k(p) = 24*p - 32. Let i(z) = 2*z + 2. Let y(s) = 17*s + 12. Let h(g) = -6*i(g) + y(g). Let j(u) = 5*h(u) - k(u). Give j(-17).
15
Suppose -54*i + 435 = 33*i. Let o(p) = -3*p + 16. Let n(v) = -6*v + 33. Let d(q) = -2*n(q) + 5*o(q). What is d(i)?
-1
Let t(a) = a + 1. Let f be (-3 - (-21)/9)*(-23 - -2). Suppose -5*j = 4*o - f, 2*o + 25 + 7 = 4*j. Give t(j).
7
Suppose 17 - 1 + 9 = -5*w. Let j(h) = 3*h**2 + 3*h + 12. Give j(w).
72
Let h be ((-57)/(-114))/(4/(-8)). Let o(q) = -8*q**3 + 3*q**2 + 3*q - 1. Calculate o(h).
7
Let x(g) = -g**3 - 3*g**2 + 6*g - 5. Let z(r) = 6*r - r + 80*r**2 - 77*r**2. Let c be z(-5). Let n = c + -55. Calculate x(n).
15
Let q(b) = -5*b + 25. Let n(y) = 16*y - 79. Let i(l) = -4*n(l) - 13*q(l). Determine i(17).
8
Let u(f) = -f**3 + 6*f**2 - 4*f + 9. Let b = 8 - -28. Let t = 1366 - 1357. Suppose b = t*v - 18. What is u(v)?
-15
Let k = -1243 + 1239. Suppose 2*y - 4 = -0*y. Let v(i) = 4*i - i + i**2 - y + i. What is v(k)?
-2
Let b(u) = u**3 + 12*u**2 + 108*u + 7. Let z(f) = f**3 + 11*f**2 + 79*f + 6. Let d(l) = -3*b(l) + 4*z(l). Determine d(-9).
-6
Let h(b) = b**3 - 4*b**2 + 4*b + 1. Let a be h(4). Let o = -20 + a. Let s(m) = 6*m. Let v(c) = -c. Let l(n) = s(n) + 5*v(n). Give l(o).
-3
Let i(f) = -24 + 4*f + 39 - 38 - 44. Let x be i(15). Let u(c) = c - 2. Let a(p) = 3*p - 4. Let o(s) = 2*a(s) - 5*u(s). Give o(x).
-5
Let z be ((-156)/16 - -8)*(1 - 53). Let q = z + -71. Let p(d) = -3*d + q + 23 - 46 + 2*d**2. What is p(3)?
6
Let a(y) = 1 - 61769311*y**3 + 61769312*y**3 - y**2 + 8*y**2 + 2 + 7*y. Suppose -5 = -5*s - 35. Give a(s).
-3
Let c(g) = g**3 - 19*g**2 + 70*g + 1. Let n be c(5). Suppose o - 4 = -3*q - 0*o, 2*o = -4*q + 6. Let f(r) = 2*r - r - q - r + r + 5*r**2. Give f(n).
5
Suppose 8 = 6*u - 2*u. Let o(w) = 2011*w**3 - 4010*w**3 + 7*w - 9*w + 2 + 1998*w**3. What is o(u)?
-10
Suppose 6 = -c + 101. Suppose c = -0*i - 5*i. Let o = -19 - i. Let j(t) = -t. Calculate j(o).
0
Let g(o) be the first derivative of -3*o**2 - 2*o + 5. Let m be 1*(-2 - -5 - 10 - -6). What is g(m)?
4
Suppose 4*z - 3*f - 29 = 0, -251*z + 249*z + f + 11 = 0. Let u(a) = -3*a**3 + 4*a**2 + 2*a - 5. What is u(z)?
-9
Let p(b) be the third derivative of -b**4/6 + b**3/6 - 2*b**2 - 48. Suppose -4*f + 12 = -f - 3*i, 4*f - 3*i = 14. Determine p(f).
-7
Let g(z) = -z**2 + 2*z - 73. Suppose 0 = -29*w + 193 - 193. Give g(w).
-73
Let x = -55 + 54. Let c be x - 1 - (-9 + 5). Let w(s) = -c + 8 - 4 + 12*s. Calculate w(-2).
-22
Let k(g) = -g**3 + 9*g**2 - 5*g - 1. Suppose 9*y - 56 = 2*y. Let m be k(y). Suppose m = -2*s + 9. Let t(c) = -c**3 - 7*c**2 - 2*c - 8. What is t(s)?
6
Suppose -142*w + 139*w = 5*b - 31, 0 = 3*b + 2*w - 20. Let f(h) be the third derivative of 0*h + 12*h**b - 1/6*h**4 - 1/6*h**3 + 1/60*h**5 + 0. What is f(5)?
4
Let h(m) = -440 - 8*m - 6 - 50*m - 21*m - 23. Calculate h(-6).
5
Let d(z) be the first derivative of -19*z**2/2 + 136*z + 5993. What is d(7)?
3
Suppose -6*q + q - 10 = 0. Let u be (0 + 1)*2 - q. Let l be (-5 + u)/((-5)/(-35)). Let p(c) = c**3 + 6*c**2 - 7*c + 5. Give p(l).
5
Let i(k) be the third derivative of 0*k - 1/6*k**3 - 1/24*k**4 - 1/40*k**6 + 1/60*k**5 - 2 + 17*k**2. Give i(-2).
29
Let c(v) = 18*v + 20*v + 15*v - 14 + 19*v - 67*v. Suppose 3*b + 2 = 20. Determine c(b).
16
Suppose -5*d = -3*h + 17, 4*h + 3*d + 7 = -9. Let t(r) be the third derivative of -9*r**6/40 - r**5/60 - r**4/24 - 194*r**2. What is t(h)?
27
Let x(o) = -o**3 - 27*o**2 - 48*o + 61. Let b(w) = w**3 - 25*w**2 + 27*w - 97. Let j be b(24). Give x(j).
11
Let h(u) be the third derivative of -5*u**4/12 + 5*u**3 - 1669*u**2. Give h(6).
-30
Let f(b) = 69519*b**2 - 139035*b**2 + 69520*b**2 + 18 + 22*b. Give f(-4).
-6
Let y be ((-56)/(-21))/((-2)/6). Let t(r) be the first derivative of 44 - 4*r - 1/2*r**2. What is t(y)?
4
Let a(c) = c**2 - 1. Let i be (-36)/84 - (-346)/7. Let p = 21 - i. Let h = -30 - p. Determine a(h).
3
Let k(c) = 4*c**3 - 3*c**2 + c - 10. Let t be (-12)/64*-4*-16*5/(-20). Calculate k(t).
74
Let u(f) = -f**2 + f - 35. Let n(h) = 7*h**2 - 6*h + 177. Let v(d) = -n(d) - 6*u(d). Suppose -2*y = 3*y. Determine v(y).
33
Let v = -15293 + 15304. Let b(p) = p**3 - 10*p**2 - 15*p + 47. Give b(v).
3
Let x(r) = 3*r**3 + 3*r**2 + 4*r + 3. Let z = -4589 - -4586. Determine x(z).
-63
Let g = -5 + 23. Suppose 0 = -2*k - 0*k + g. Let h(m) = 866 - 253 - 600 - m. Determine h(k).
4
Let a(b) = -31*b**2 + 21*b + 3. Let f(v) = -v**2 + 13*v - 33*v**2 + 13*v**2 + 2. Let i(c) = -5*a(c) + 8*f(c). Calculate i(1).
-13
Let v(j) = 11*j - 576. Suppose 292*m - 9698 + 8965 = 14743. Calculate v(m).
7
Let k(w) = -1 - 2*w**3 - 2*w + w**3 - 1 + 3*w**2. Let x be (11 + 75/(-6))/((-9)/(-5664)). Let z = x - -947. Calculate k(z).
-8
Let n(b) be the first derivative of -6*b**2 - 2 + 1 + 4*b**2 - 2. Let x be (-25 - -16) + 17 - 9. Give n(x).
4
Let c = -7272 + 7270. Let a(i) = 2*i**2 + 6*i + 7. Give a(c).
3
Let a(q) be the first derivative of 4/3*q**3 - 1/4*q**4 + q + q**2 - 1. Let f(g) = -15*g + 649. Let d be f(43). What is a(d)?
9
Let y(c) = -25*c + 14*c - 11 - 34 + 7*c. Let o(g) be the third derivative of g**4/24 + 11*g**3/6 - 7*g**2. Let u(w) = -9*o(w) - 2*y(w). Give u(-7).
-2
Let l(j) = -172 - 2*j**2 - 180 - 161 + j**3 + 3*j**2 - j + 496. Determine l(0).
-17
Let v(w) = -16*w**2 - 1. Let x be 8/(-14)*252/(-24). Suppose 74*i - 68*i - x = 0. Calculate v(i).
-17
Let x(w) = -5*w**2 + w - 33. Let b(g) = 6*g**2 - 2*g + 38. Let f(h) = 6*b(h) + 7*x(h). Let q(k) = -2*k - 4. Let a be q(-5). What is f(a)?
3
Let q(m) = -4*m + 30. Let z be q(7). Let j(i) = 1 - 7*i + 3*i + z*i - 4*i. What is j(-1)?
7
Let k(n) be the first derivative of 0*n + 85 - 1/3*n**3 - 3/2*n**2. Calculate k(-2).
2
Suppose 24*b + 24 = 26*b. Suppose b*g - 14*g = -6. Let u(i) = i**3 - i**2 + i - 1. Let a(c) = c**3 + c**2 + 3*c - 1. Let k(x) = a(x) - 2*u(x). Determine k(g).
4
Suppose 5*d = -4*q + 165, 5*q = -667*d + 672*d - 210. Let p(m) = -m**3 + 38*m**2 - 39*m + 77. Determine p(d).
3
Suppose 0 = 17*g - 9 + 8 + 1. Let s(b) = -b + 20. Give s(g).
20
Let j(q) = -3*q**2 - 4*q + 1. Let l(i) = 14*i - 268. Let f = -247 + 266. Let n be l(f). Determine j(n).
-3
Let c(v) = -28*v + 0 + 1 + 12*v + 14*v**3 + 18*v - v**3. Let o = 3 + -4. What is c(o)?
-14
Let z(c) be the third derivative of -c**4/12 + 10*c**3/3 - 2*c**2 - 821*c. Give z(8).
4
Let r(n) = -16*n - 59. Let g(o) = 9*o. Let i(l) = -2*g(l) - r(l). Determine i(12).
35
Let o(a) be the third derivative of -21*a**2 - 1/240*a**6 + 7/8*a**4 + 1/20*a**5 + 0 + 0*a + 0*a**3. Let b(y) be the second derivative of o(y). Give b(4).
-6
Let t(h) be the first derivative of 0*h - 14 - 1/360*h**6 - 4*h**3 - 11/24*h**4 + 0*h**2 - 1/12*h**5. Let a(q) be the third derivative of t(q). Calculate a(-9).
-2
Let s(k) be the second derivative of 1/2*k**3 + 1/2*k**2 + 0 + 137*k. Calculate s(1).
4
Let w(s) = -s - 8. Let k = 3184 + -3193. What is w(k)?
1
Let t(u) = u**2 + 5*u - 7. Let q = 2760 - 2753. What is t(q)?
77
Let w(r) = -9*r**2 + 13*r + 15. Suppose 3334 = 8*i + 3366. Let u(y) = -2*y**2 + 4*y. Let d(j) = i*u(j) + w(j). Determine d(-5).
5
Let k(i) = i**3 - i**2 + 1. Let r(g) = -5*g**3 + 3*g**2 + g - 6. Let p(b) = -2*k(b) - r(b). Calculate p(-2).
-22
Let q(w) = -w**2 - 10*w + 23. Let i(m) = m**3 - 64*m**2 + 396*m + 177. Let t be i(57). Calculate q(t).
-73
Let d(c) = 15*c**3 - 39*c**2 + 17*c - 6. Let s(m) = -2*m**3 - m - 2*m**3 + 2*m**3 + 10*m + 10*m**3 - 3 - 21*m**2. Let x(n) = 6*d(n) - 11*s(n). What is x(2)?
7
Let d = 41 + -39. Suppose 0 = -0*o - d*o - 8. 